 Calculate the highest common factor of a and 10.
10
Let f be (-9)/((-3)/1) + 60. Calculate the greatest common factor of 9 and f.
9
Let q be 171 + 3 + 6/3. Calculate the highest common factor of q and 22.
22
Let r be 65/3 - 8/(-6). What is the greatest common divisor of 161 and r?
23
Let b be 33*-1 - (0 - 1). Let p = -20 - b. Let r(k) = k**3 + 6*k**2 + 4*k + 1. Let a be r(-5). Calculate the greatest common divisor of p and a.
6
Let n be (-2)/1 - 2/2. Let c = 29 + n. Suppose 0 = k - 13 - 0. Calculate the highest common divisor of c and k.
13
Suppose 4*v - 59 = -5*j, -3*v = v - 4*j - 32. Let a be 45/(-6)*2/(-3). Suppose a*g - q = -6*q + 410, q = 5. Calculate the highest common factor of g and v.
11
Let q(u) = 15*u**2 - 3*u. Let h = -5 - -7. Let w be q(h). Calculate the greatest common divisor of w and 6.
6
Suppose -3*m = 3*g - 447, 3*m + g - 446 = -3*g. Calculate the highest common factor of 60 and m.
30
Let c = 158 - 149. Calculate the highest common divisor of 9 and c.
9
Suppose -6*v = -3*v - 4*c - 164, -v + c = -53. Calculate the greatest common factor of 72 and v.
24
Let x(j) = 10*j + 1. Let c be x(-2). Let k = c + 27. Suppose 3*p + y - 158 - 105 = 0, 2*p = -2*y + 174. What is the greatest common divisor of p and k?
8
Let k(p) = 32*p - 2. Let s be k(2). Suppose 4*h = s - 10. What is the highest common divisor of h and 39?
13
Let y(u) = 10*u + 7. Let h be y(11). Let v be 5 + h + (-3)/1. Calculate the highest common divisor of 17 and v.
17
Suppose -25*b + 26*b - 88 = 0. Calculate the greatest common divisor of 11 and b.
11
Let z(j) = j**2 + 5*j + 6. Let h be z(-6). Suppose 4 = -0*v + 2*v. Suppose v - 20 = -u. What is the greatest common divisor of u and h?
6
Let z be (237/(-3) - 2)*-1. Let h = 56 + -47. What is the highest common factor of h and z?
9
Let t = -4 + 7. Let z = -23 - -44. Calculate the highest common divisor of t and z.
3
Let d = 9 - -8. Calculate the highest common divisor of 187 and d.
17
Let k(h) = -19*h**2 - 1. Let r be k(-1). Let u = 30 + r. Let l(y) = -18*y + 2. Let g be l(-6). What is the greatest common factor of u and g?
10
Let h be 16/(-2)*(-71)/4. Suppose 0 = -w - 4*w + 4*v + h, -4*w + 110 = -5*v. What is the greatest common factor of 75 and w?
15
Let c(s) = s**2 - 2*s + 5. Let j be c(3). Calculate the highest common divisor of 16 and j.
8
Suppose -5*s - 4*d = -0*d - 8, 4*s + 6 = 3*d. Suppose s = -2*o - 3*y - y + 44, -98 = -5*o - 4*y. Calculate the highest common divisor of o and 2.
2
Let f(d) = -d**2 - 4*d. Let y be f(-3). Suppose 2*z + y*o - 49 = -2*z, -z + 1 = -3*o. What is the highest common divisor of z and 70?
10
Let j be (8/(-10))/((-12)/30). Suppose 7*t = j*t + 660. What is the greatest common divisor of t and 12?
12
Let j(o) be the third derivative of o**4/24 - o**3 + 3*o**2. Let r be j(10). What is the greatest common divisor of r and 4?
4
Suppose 0 = 4*i - 6 - 10. Suppose -3*w - 27 = -2*w + 5*z, -i*w - z - 13 = 0. Let g be -1*(-2)/w + 11. What is the greatest common divisor of g and 25?
5
Suppose -4 = -k + 3. Calculate the greatest common divisor of 49 and k.
7
Let o be 94/4 - (-4)/8. Suppose -x - x + 24 = 0. What is the highest common divisor of o and x?
12
Suppose 2*h + 4*c + 72 = 4*h, 0 = 4*h - 2*c - 144. What is the greatest common factor of h and 90?
18
Let x = 63 - 45. Calculate the greatest common divisor of 90 and x.
18
Let w be (0 - 11)/((-6)/30). Calculate the highest common divisor of w and 33.
11
Let l be 8 + (3 - (5 + -4)). Suppose 0 = -2*q + 59 - 9. Calculate the highest common divisor of l and q.
5
Let a = 11 + -21. Let g = 2 + a. Let m = 4 - g. What is the highest common factor of m and 48?
12
Let u = 25 - 17. Let j(w) = w**2 - 7*w + 1. Let a be j(u). What is the greatest common factor of 45 and a?
9
Let m = -1 - -1. Suppose m = -2*w + 6*w + 8. Let b = w + 101. Calculate the highest common factor of 9 and b.
9
Suppose 3*t + 70 = 5*r + 8*t, -46 = -3*r - 2*t. What is the highest common divisor of r and 9?
9
Let d = -5 + 6. Let p be 2 - (-41 + (d - 2)). What is the greatest common divisor of 4 and p?
4
Let u(g) = g**2 + 5*g + 5. Let k be u(-5). Suppose -4*m + k*l - 32 = 0, 5*l + 11 = -2*m - 5. Let z = m + 20. Calculate the highest common divisor of z and 24.
12
Let w(o) = 8*o + 1. Let b(j) = j + 1. Let q(a) = -b(a) + w(a). Let x be (-2)/(-6) - 20/(-12). Let f be q(x). Calculate the greatest common divisor of f and 7.
7
Let a = 2 + 2. Suppose -4*z + z = -6, -2*h - 5*z + a = 0. Let r = 7 - h. What is the highest common divisor of r and 70?
10
Suppose 2*c - 656 = 3*q, c = 6*c - 4*q - 1640. What is the greatest common divisor of c and 41?
41
Let n(l) = -l**3 + 4*l**2 - l + 2. Let j be n(4). Let a = j - -16. Let f be 245/(-1)*(-4)/10. Calculate the greatest common divisor of f and a.
14
Let p = -1 - -9. Calculate the greatest common divisor of p and 12.
4
Suppose 0*b - m = -5*b + 35, -4*b = -m - 29. Let a be 18/(-3)*2/((-2)/1). Calculate the greatest common divisor of b and a.
6
Let g = 279 + -159. Calculate the highest common divisor of 24 and g.
24
Let k be -1 - ((-10 - 3) + 2). Calculate the greatest common factor of k and 6.
2
Let y = 3 - 1. Suppose 0*c + y = c. Calculate the highest common factor of c and 14.
2
Suppose -180 + 5 = -5*g. Calculate the greatest common divisor of g and 315.
35
Let t be 1845/7 + 6/14. What is the highest common divisor of 24 and t?
24
Suppose 2*w + 2*m - 3*m - 1 = 0, 0 = 4*w - 5*m + 13. Suppose -4*s - 2*p + 71 = -5*p, w*p + 3 = 0. Calculate the highest common factor of 119 and s.
17
Let r(l) = l**3 + 6*l**2 + 3*l - 8. Let a be r(-4). Let n(d) = 149*d. Let b be n(-1). Let v = -65 - b. Calculate the greatest common divisor of a and v.
12
Let n = 48 + 70. Suppose n = 2*k - 5*h, 0 = 4*k - 0*h - 3*h - 250. What is the greatest common divisor of 8 and k?
8
Let j(x) = 64*x + 1. Let o be j(1). Let i = 1 - 1. Let k(z) = -z**3 - z + 26. Let q be k(i). Calculate the greatest common divisor of o and q.
13
Suppose 0 = 3*s, 8*z - 4*s = 3*z + 45. Suppose 4*y - 3*d = 8 + 25, -3*d = 3*y - z. Suppose 0 = y*n - 2*n - 20. What is the highest common divisor of n and 1?
1
Let r = 121 - 117. What is the greatest common factor of 3 and r?
1
Let u(p) = -p**3 + 7*p**2 - 3*p + 6. Let y be u(6). Calculate the greatest common divisor of 8 and y.
8
Let f = 85 - 60. Calculate the greatest common divisor of 10 and f.
5
Suppose 2*v - 4*v - 47 = -3*c, 3*c + 5*v - 40 = 0. What is the highest common factor of 165 and c?
15
Suppose -14 = -3*z + 3*m - 2*m, 18 = 5*z + m. Calculate the highest common divisor of z and 36.
4
Suppose -4*k + 26 = -10. Suppose c + 2*l = 67, 124 = 2*c - 2*l + l. Calculate the highest common factor of c and k.
9
Suppose 59*t - 54 = 56*t. Calculate the greatest common factor of t and 27.
9
Let w = 18 + -12. Suppose w*q - 15 = q. What is the greatest common divisor of 24 and q?
3
Let d be -1*((-6)/(-2) - 2). Let i be (19 + 3)*2 - d. Calculate the greatest common divisor of 30 and i.
15
Suppose 2*i + 0*i = d, -8 = 4*d. Let o be i - (-3)/6*34. Calculate the greatest common divisor of o and 2.
2
Suppose 38 = 6*y + 14. What is the highest common divisor of y and 72?
4
Let l = 14 + 0. Let c = 276 - 150. Calculate the highest common factor of c and l.
14
Let p = -6 + 7. What is the highest common factor of p and 7?
1
Suppose 4*m + 21 = 5*m. Let w = 27 + -20. Calculate the highest common factor of m and w.
7
Let b = -2 + 4. Suppose 5*p + o - 21 = 0, -b*p = 4*o + 3 + 3. Let s be 2/p + (-406)/(-35). What is the greatest common factor of 6 and s?
6
Let u = 35 - 20. Calculate the highest common divisor of 105 and u.
15
Let w be 2 + -3 + 77 + 4. Calculate the highest common factor of w and 16.
16
Let s = 0 - -7. Let l = 31 - 3. What is the highest common factor of s and l?
7
Let f(u) = -u**2 - 6*u + 3. Let h be f(-5). Let x be (-24)/h*8/(-6). What is the greatest common factor of 20 and x?
4
Let g(r) = -r**3 - 3*r**2 + 2*r + 4. Let u be g(-3). Let h be u/6 - (-14)/6. Let s = 0 + 5. Calculate the greatest common factor of s and h.
1
Let f(h) = h + 5. Let a be f(0). Let z be 53 + (1 - 2) + -2. Suppose 0*k + 2*k = z. What is the highest common factor of k and a?
5
Let d = 138 - 272. Let g = -70 - d. Calculate the greatest common divisor of 8 and g.
8
Let p(c) = -c**3 - 7*c**2 - 7*c - 8. Let 